e remainder when 22 is divided by h?
6
Let i be (-6)/(-4*2/(-12)). Let g = 3 - i. What is the remainder when g is divided by 3?
0
Suppose 0 = -3*w - 3*a - 34 + 130, -2*a = -5*w + 139. Let h = -6 + w. Calculate the remainder when 89 is divided by h.
20
Suppose 0*y - y = -6. Suppose -3*l + y*l = 78. Suppose -2*u + 4*u - l = 0. Calculate the remainder when 25 is divided by u.
12
Let f(k) = -k + 16. Calculate the remainder when f(-16) is divided by 17.
15
Suppose -r - 4 = 0, 2*r = -5*q + r + 81. Calculate the remainder when q is divided by 10.
7
Let y = 1 - -38. Suppose -g - 3*g + 12 = 0. Calculate the remainder when y is divided by 30*((-8)/g)/(-4).
19
Let y = 4 + 3. Let h(v) = v**3 - 6*v**2 - 3*v + 10. Calculate the remainder when h(y) is divided by 10.
8
Let q(f) = f**2 + 16*f - 15. What is the remainder when 3 is divided by q(-17)?
1
Let s(g) = 3*g**2 - 5*g - 2. Suppose 3 + 12 = -5*m. What is the remainder when s(m) is divided by 14?
12
Let j = 306 - 512. Calculate the remainder when 28 is divided by j/(-14) + (-2)/(-7).
13
Let a(y) = y**2 + 10*y + 12. Let g be a(-8). Let v(j) = -j**3 - 4*j**2 - 2*j + 3. Calculate the remainder when v(g) is divided by 7.
4
What is the remainder when 14/(-21) - ((-1650)/9)/5 is divided by 19?
17
Let z(p) = p**2 + 2*p - 4. What is the remainder when z(5) is divided by (-6)/4*88/(-12)?
9
Suppose 0 = 3*o + 26 - 92. Calculate the remainder when 173 is divided by o.
19
Suppose 7 + 5 = 3*r. Suppose 5 + 11 = r*y. Calculate the remainder when 6 is divided by y.
2
What is the remainder when 1/((-79)/80 + 1) is divided by 28?
24
Suppose -40 = -5*n - 4*w, -4*n + 21 = -2*w + 3*w. Calculate the remainder when 5 is divided by n.
1
Let g(s) = -35*s**2 - 6*s - 4. Let a be g(-4). What is the remainder when a/(-21) + (-2)/(-7) is divided by 14?
12
Suppose -c = c + 14. Let f(t) = t**2 + 4*t + 8. Let p be f(c). Suppose -p = -4*h + 11. Calculate the remainder when h is divided by 6.
4
Suppose 6*s - 2*s - 2*f = 834, 0 = 5*f + 5. What is the remainder when s is divided by 10?
8
Suppose 8 = k - 2. Suppose -6*j = -5*j. Suppose -w - 4*w + 90 = j. Calculate the remainder when w is divided by k.
8
Suppose 0 = p + 4*u - 1, -3*u - 28 = -2*p + 2*u. What is the remainder when 26 is divided by p?
8
Suppose -5*s + 25 + 10 = 0. What is the remainder when 32 is divided by s?
4
Let r = -2 + 0. Calculate the remainder when 57 is divided by (3 + -23)*(r - -1).
17
Suppose -m - 3*c - 11 = 0, 2*c - 6 = -2*m - 2*m. Let d = 27 + -17. What is the remainder when d is divided by m?
2
Let d(f) = -f**2 + 9*f. What is the remainder when 39*((-2)/2)/(-1) is divided by d(4)?
19
Let c(a) be the third derivative of -5*a**4/12 - 4*a**3/3 - 4*a**2. Calculate the remainder when c(-3) is divided by 6.
4
Suppose -8 = -4*b + 3*b. Let m(l) = l**2 - 8*l + 6. Let k be m(b). Calculate the remainder when 704/12 - 4/k is divided by 20.
18
Suppose 8*r = 85 + 67. Calculate the remainder when r is divided by 5.
4
Calculate the remainder when (9 - -1) + 1/(-1) is divided by 5.
4
Let u = -51 + 96. Let g = u + -27. Calculate the remainder when g is divided by 10.
8
Let j(t) = -t**3 + 4*t**2. Let u be (-1)/3 + (-26)/(-6). Let n be j(u). Let m = 5 + n. Calculate the remainder when m is divided by 3.
2
Let y(b) be the third derivative of b**4/24 - b**3/3 - b**2. Let k be y(0). Let i = k - -22. Calculate the remainder when 58 is divided by i.
18
Suppose a - 613 = -5*o, 10*o - 8*o - 259 = -5*a. Calculate the remainder when o is divided by 41.
40
Let m = -47 + 8. Let q = -4 - m. What is the remainder when q is divided by 19?
16
Let a = 13 + -5. Let x(f) = -f**3 + 7*f**2 + 9*f + 10. Calculate the remainder when x(a) is divided by 4/(-14) + 288/28.
8
Let v(t) = -2*t + 2. Let c be v(-4). Let j(h) = 0*h - c + 2*h + 0*h. What is the remainder when 11 is divided by j(7)?
3
Let o = 111 + -62. Calculate the remainder when 143 is divided by o.
45
Let j(y) = 43*y**2 + y - 2. Let g be j(1). Suppose 0*m + m - g = 0. Calculate the remainder when m is divided by 15.
12
Let h(k) = -k**2 + k + 1. Let y(a) = a**3 + 5*a**2 + 12*a + 4. Let m(g) = -3*h(g) + y(g). Calculate the remainder when m(-6) is divided by 7.
5
Suppose -5*o = 5*s - 20, 2*o - s + 8 = s. Let p(b) = -b**3 + 5*b**2 - 8*b + 6. Let n be p(5). What is the remainder when n*1/(-2) - o is divided by 9?
8
Let x be (-13 - 1)/(2/(-4)). Suppose x = 4*w + 5*c - 145, 4*c - 176 = -4*w. Suppose 0 = 4*z - 117 - w. Calculate the remainder when z is divided by 14.
13
Let c(s) = -s + 6. What is the remainder when 32 is divided by c(-3)?
5
Let z(j) = -j - 3. Let x be z(-4). Let s = x - -5. Suppose -s*u + 32 = -2*u. What is the remainder when u is divided by 3?
2
Suppose -17 = -8*l + 7. What is the remainder when 6 is divided by l?
0
Suppose 15 = 2*q - 4*f - 51, 0 = q + 2*f - 21. Let i(b) be the first derivative of b**3 - 3*b**2/2 - 4*b + 1. What is the remainder when q is divided by i(3)?
13
Let i(s) = s**2 - 3*s - 3. Let g be i(5). Suppose 5 = 4*p - g. Calculate the remainder when p is divided by 1.
0
Let o = 218 - 151. Calculate the remainder when 196 is divided by o.
62
Suppose -5*h = -67 + 22. Calculate the remainder when h is divided by 2.
1
Let o(t) = -11*t + 1. What is the remainder when o(-3) is divided by (-17 - -18)*(-3 + 0)*-4?
10
Let v(d) = d**2 + d - 2. Let l be v(2). Suppose 2*w + 3*o = 87, -w + 80 - 24 = l*o. Calculate the remainder when w is divided by 13.
10
Let q(i) = i**3 - 17*i**2 + 18*i - 5. Suppose -z + 3 = -7. What is the remainder when q(16) is divided by z?
7
Let o(z) = 3*z + 3. Let u be o(-2). What is the remainder when (-11 + u)*10/(-4) is divided by 9?
8
Let f = 3 - 2. Suppose 3 = -2*o - 3*r, 5*r + 2 = -3*o + r. Let b = o + -5. Calculate the remainder when f is divided by b.
0
Suppose -c = -5*d + 13, c = 5*d - c - 16. Let h = -5 - -12. Let v = d + h. Calculate the remainder when 16 is divided by v.
7
Let j(p) = -p**2 - 8*p - 5. Let m be j(-7). Suppose -m*y + 84 = 10. Calculate the remainder when y is divided by 13.
11
Suppose -5*p + 5*r = 23 - 123, -4*r = -p + 26. Let n = p - -11. Calculate the remainder when n is divided by 8.
5
Let l = 0 + 2. Let k = 7 + l. Let t(h) = h**3 + 7*h**2 + 2*h + 4. Calculate the remainder when t(-3) is divided by k.
7
Let i = -103 + 118. What is the remainder when 73 is divided by i?
13
Let g = -1 - -1. Suppose 3*j - 72 - 6 = g. What is the remainder when j is divided by 14?
12
Let a = 19 + -10. Calculate the remainder when 26 is divided by a.
8
Let i = 5 + -3. Let g be 3/i*(-4)/(-3). Let c(h) = 3*h**2 + 3*h - 2. Calculate the remainder when c(g) is divided by 9.
7
Let x = 114 + -111. Calculate the remainder when 26 is divided by x.
2
Let q = 87 + -54. Calculate the remainder when q is divided by ((-34)/(-6))/((-1)/(-3)).
16
Suppose g = 0, 5*s + 0*g = -2*g + 30. Let f = -4 - -7. Suppose -2*o + 17 = -f. What is the remainder when o is divided by s?
4
Let a be (-1 + 0)*16 - -2. Let u = a + 25. Calculate the remainder when (-416)/(-14) + (-10)/(-35) is divided by u.
8
Let c(k) = -3*k + 5. Suppose 4 - 26 = 2*z. Calculate the remainder when c(z) is divided by 13.
12
Suppose -4*c + c - 6 = 0. Calculate the remainder when 72 is divided by 10*c*(-35)/28.
22
Let y(u) = -7*u + 2. Let h be (-5)/(1 + 0) - -3. Calculate the remainder when y(h) is divided by (-52)/(-9) - (-4)/18.
4
Let g(c) = c**2 + 12*c - 15. Calculate the remainder when 38 is divided by g(-14).
12
Suppose 5*p + 63 = n, -n = -6*n - 5*p + 255. Suppose 87 = 4*c - n. Calculate the remainder when c is divided by 18.
17
Let w = -21 + 18. What is the remainder when 21 is divided by -2*w/2 - -3?
3
Suppose -4*f - 6 = -2*s, f + 4 = -s - s. What is the remainder when 46 is divided by 13 + (2 + s - -2)?
14
Let d(t) = -28*t + 3. What is the remainder when d(-7) is divided by 51?
46
What is the remainder when 24 is divided by 18*(-1 - (-12)/8)?
6
Let z be (2/1)/(-5 + 6). Let a be (-22)/(-10) - (-1)/(-5). Suppose -4*j = -5*x - j + 19, 2*j = -z*x - a. Calculate the remainder when x is divided by 1.
0
Suppose -2*b + 22 = -8. Suppose 5*v = -5*j + b, -3*v = -3*j - v + 19. Calculate the remainder when ((-8)/12)/(2/(-42)) is divided by j.
4
Suppose -4*a + 8 = -0. Suppose -a*f = g + 3*f - 37, 47 = 3*g - f. Let n = -6 - -15. What is the remainder when g is divided